{"version":"1.0","provider_name":"HOME","provider_url":"https:\/\/www.kolkoarchitektoniczne.pl","author_name":"Aga","author_url":"https:\/\/www.kolkoarchitektoniczne.pl\/index.php\/author\/aga\/","title":"Meble z kartonu - HOME","type":"rich","width":600,"height":338,"html":"<blockquote class=\"wp-embedded-content\" data-secret=\"5leVbhMV03\"><a href=\"https:\/\/www.kolkoarchitektoniczne.pl\/index.php\/2023\/10\/23\/meble-z-kartonu\/\">Meble z kartonu<\/a><\/blockquote><iframe sandbox=\"allow-scripts\" security=\"restricted\" src=\"https:\/\/www.kolkoarchitektoniczne.pl\/index.php\/2023\/10\/23\/meble-z-kartonu\/embed\/#?secret=5leVbhMV03\" width=\"600\" height=\"338\" title=\"&#8222;Meble z kartonu&#8221; &#8212; HOME\" data-secret=\"5leVbhMV03\" frameborder=\"0\" marginwidth=\"0\" marginheight=\"0\" scrolling=\"no\" class=\"wp-embedded-content\"><\/iframe><script type=\"text\/javascript\">\n\/* <![CDATA[ *\/\n\/*! This file is auto-generated *\/\n!function(d,l){\"use strict\";l.querySelector&&d.addEventListener&&\"undefined\"!=typeof URL&&(d.wp=d.wp||{},d.wp.receiveEmbedMessage||(d.wp.receiveEmbedMessage=function(e){var t=e.data;if((t||t.secret||t.message||t.value)&&!\/[^a-zA-Z0-9]\/.test(t.secret)){for(var s,r,n,a=l.querySelectorAll('iframe[data-secret=\"'+t.secret+'\"]'),o=l.querySelectorAll('blockquote[data-secret=\"'+t.secret+'\"]'),c=new RegExp(\"^https?:$\",\"i\"),i=0;i<o.length;i++)o[i].style.display=\"none\";for(i=0;i<a.length;i++)s=a[i],e.source===s.contentWindow&&(s.removeAttribute(\"style\"),\"height\"===t.message?(1e3<(r=parseInt(t.value,10))?r=1e3:~~r<200&&(r=200),s.height=r):\"link\"===t.message&&(r=new URL(s.getAttribute(\"src\")),n=new URL(t.value),c.test(n.protocol))&&n.host===r.host&&l.activeElement===s&&(d.top.location.href=t.value))}},d.addEventListener(\"message\",d.wp.receiveEmbedMessage,!1),l.addEventListener(\"DOMContentLoaded\",function(){for(var e,t,s=l.querySelectorAll(\"iframe.wp-embedded-content\"),r=0;r<s.length;r++)(t=(e=s[r]).getAttribute(\"data-secret\"))||(t=Math.random().toString(36).substring(2,12),e.src+=\"#?secret=\"+t,e.setAttribute(\"data-secret\",t)),e.contentWindow.postMessage({message:\"ready\",secret:t},\"*\")},!1)))}(window,document);\n\/* ]]> *\/\n<\/script>\n","thumbnail_url":"https:\/\/www.kolkoarchitektoniczne.pl\/wp-content\/uploads\/2023\/10\/pierwsze-ii-wersja.jpeg","thumbnail_width":433,"thumbnail_height":484,"description":"Czy tektura jest w stanie pos\u0142u\u017cy\u0107 za materia\u0142 do budowy\u2026 mebli? Na zaj\u0119ciach grupy zaawansowanej rozpocz\u0119li\u015bmy cykl \u201ecz\u0142owiek i jego potrzeby\u201d. Naszym pierwszym wyzwaniem by\u0142o zaprojektowanie krzese\u0142, kt\u00f3re b\u0119d\u0105 dopasowane do ka\u017cdego z naszych uczestnik\u00f3w. Zbadali\u015bmy w\u0142a\u015bciwo\u015bci tektury, dzi\u0119ki kt\u00f3rej mogli\u015bmy wykona\u0107 wygodne, sk\u0142adane krzes\u0142a, kt\u00f3re b\u0119d\u0105 na tyle wytrzyma\u0142e aby unie\u015b\u0107 ka\u017cdego! A to... Czytaj dalej"}

Czy tektura jest w stanie posłużyć za materiał do budowy… mebli? Na zajęciach grupy zaawansowanej rozpoczęliśmy cykl „człowiek i jego potrzeby”. Naszym pierwszym wyzwaniem było zaprojektowanie krzeseł, które będą dopasowane do każdego z naszych uczestników. Zbadaliśmy właściwości tektury, dzięki której mogliśmy wykonać wygodne, składane krzesła, które będą na tyle wytrzymałe aby unieść każdego! A to... Czytaj dalej
